5. Let d(h) be the second derivative of h + 1/2*h**3 + 9/2*h**2 + 0. What is d(t)?
-9
Let x(m) be the first derivative of 3*m**2/2 + 10*m + 5. What is x(-5)?
-5
Let l(w) be the second derivative of -w**4/12 + w**3 + 3*w**2/2 + 2*w + 22. Calculate l(6).
3
Let s = 50 + -56. Let k(f) = -f**3 - 6*f**2 + 8*f + 8. Give k(s).
-40
Let u be 6/(-2) - -4 - -24. Suppose -4*m - u + 9 = 0. Let t(g) = -g**2 + 7*g - 5. Let r(h) = -2*h**2 + 19*h - 11. Let k(a) = 2*r(a) - 5*t(a). Give k(m).
7
Suppose -6*f = -7*f + 4. Suppose -2*k + 4*k = -f*j + 2, -8 = 2*j. Let m(o) = o**3 - 10*o**2 + 7*o + 10. Calculate m(k).
-8
Let l(s) = -s - 1. Let y be l(-1). Let d(g) = 10*g - 11*g + 4 + y*g. Give d(9).
-5
Let b(q) = 5*q**3 + q**2. Suppose -j + 0*j - 5*o + 181 = 0, 0 = -3*j + 2*o + 509. Suppose -5*m = -176 + j. What is b(m)?
6
Let y(f) = -f**2 - 3*f. Let j be y(-3). Let o(x) = 2*x. Let m(k) = 9*k - 14. Let r(n) = -m(n) + 4*o(n). Calculate r(j).
14
Let b = 722 + -731. Let d(z) = z**3 + 10*z**2 + 9*z. Give d(b).
0
Let y = 52 - 55. Let d(l) be the first derivative of 3/2*l**2 + 2 + 2*l. Determine d(y).
-7
Let a = -11 - -5. Let r(s) be the second derivative of -s**4/4 - 2*s**3/3 + s**2/2 - 28*s. Let m(g) = -g**2 + g - 1. Let z(w) = -2*m(w) + r(w). What is z(a)?
3
Let q = -501 + 502. Let i(r) = 4*r**2 - 2*r + 1. What is i(q)?
3
Let a(f) = -f**3 - 4*f**2 + f + 3. Let c be (2 + -23)/3 + 44/22. Give a(c).
23
Let n(m) = -m**2 + 3*m - 2. Suppose 10*c + 6 - 46 = 0. Suppose 8*z + 4*h = 3*z + 22, c*h - 14 = -z. Calculate n(z).
0
Let y(b) be the third derivative of b**6/120 + b**5/15 - 7*b**4/24 - 2*b**3/3 - 4*b**2. Let p be y(-5). Let k(m) = m - 2*m + 18 - p + 4. What is k(7)?
9
Let x(b) = b**3 + 19*b**2 - b - 23. Let q be x(-19). Let h(r) be the first derivative of 4 + 3/2*r**2 + 6*r. Calculate h(q).
-6
Suppose 34*p + 29 = 25*p - 16. Let d(b) be the first derivative of b**2/2 - b + 2. Calculate d(p).
-6
Let y(s) = 4*s**2 + 4*s. Let p = 722 - 724. Determine y(p).
8
Let s(x) be the first derivative of 12 - 3*x**2 - 1/3*x**3 + 2*x. Let k be (5/2)/((-2)/4). Calculate s(k).
7
Let j = 72 + -48. Let y = j - 26. Let d(f) = -2*f**3 - 2*f**2 + f - 2. Give d(y).
4
Let v(u) be the third derivative of u**5/60 - u**3/6 + 60*u**2 - u. Let c(t) = 7*t**2 + t - 12. Let b(m) = c(m) - 6*v(m). Suppose y = 5*y. What is b(y)?
-6
Let x = 9 + -6. Suppose -3*g = x, -5 = -2*d + g + 2. Let i(h) = -h**3 + 5*h**2 - 3*h + 3. Give i(d).
12
Suppose 3*n = 4 - 1. Let o(t) = -t - 2. Let b(s) = -5*s - 9. Let i(u) = -2*b(u) + 9*o(u). Let h(z) = -4*z + 1. Let v(p) = -h(p) + 4*i(p). Determine v(n).
7
Let r(l) = 6*l + 21. Let z(y) = 4*y + 20. Let v(g) = 3*r(g) - 4*z(g). Calculate v(12).
7
Let m(k) = k**3 + 11480 - 11478 + 0*k**2 - 3*k**2 + k. Determine m(3).
5
Let k(g) = g - 9 + 41*g**2 - 39*g**2 + 2*g + 12. Suppose -6 = 5*w - 2*w. Give k(w).
5
Suppose 12 = 19*n - 17*n. Let i(y) = n*y**2 + 5 + 6*y + y**3 + 0*y**2 - 7*y. What is i(-6)?
11
Let y(f) = -21*f + 22. Let w(p) = -8*p + 7. Let i(k) = 8*w(k) - 3*y(k). Give i(-7).
-3
Let w(l) = 5 + 3 + 8*l - 7 - 7*l. Suppose 0 = 4*u + 2*p - 30 + 2, -14 = -3*u - 5*p. Let a = u + -3. Give w(a).
6
Let t = 31 - 22. Suppose -t*a + 3*a - 42 = 0. Let d(f) = f**2 + 6*f + 8. What is d(a)?
15
Let t(v) = -v**3 - 11*v**2 - v - 11. Let c be t(-11). Suppose 0 = -r - 3*q - 14, -25 = 5*q - c. Let y(j) = -1 - r + 1 - 3*j. Give y(2).
-7
Let w(l) = l**2 + 5*l + 5. Suppose -17 = -3*f + 13. Suppose 2*b + 0*b - 3*t = -19, -b + f = 5*t. Determine w(b).
5
Let g = 1 + 19. Suppose -c = 2*i - 3*c + g, -i - c = 12. Let v(f) = f**3 + 10*f**2 - 10*f + 7. Calculate v(i).
-4
Let q be ((-2)/(11 + -83))/((-20)/(-6)). Let m(b) be the third derivative of 6*b**2 + 0*b + 2/3*b**3 - q*b**6 + 0 - 1/20*b**5 + 1/6*b**4. Determine m(-4).
4
Let l = 17 + -15. Suppose -l = 2*g - 8. Suppose g*k - 10*k = -21. Let b(s) = -s**3 + 2*s**2 + 3*s + 4. Give b(k).
4
Let j(x) = -4*x**3 - x**2 + 8*x - 2. Let d(m) = 7*m**3 + 3*m**2 - 15*m + 4. Let i(z) = 3*d(z) + 5*j(z). Let n be ((30/12)/1)/(2/(-4)). Give i(n).
2
Let r(w) = w**3 + 4*w + w + 2 - 6*w + 2*w**2. Let j = -8 - -13. Suppose 0 = -5*u - 20 + j. What is r(u)?
-4
Suppose 3*w + 4*r - 17 = 0, -4*r + 6 = -w + 1. Suppose -w*q - 8 = -q. Let m(l) = -5*l - 6 - l**2 + 3*l - 5*l + 0*l. Give m(q).
6
Let s(v) = 5 + 0*v**3 - 2 - 3*v**3 + 4*v**2 + 2*v**3. Let a be 9/7 + 4/(-14). Let r be (a - 2)/(1/(-4)). Calculate s(r).
3
Suppose -13*c = -11 - 15. Let f(g) = -g**2 + g - 3. Determine f(c).
-5
Let z(g) = -3*g + 13. Let b(l) = -l + 4. Let n(j) = 9*b(j) - 2*z(j). Let w(x) = 2*x - 7. Let r = -21 - -13. Let v(s) = r*w(s) - 5*n(s). Give v(4).
2
Let s(u) = u - 1. Let q(g) = -7*g + 7. Let w be (-2)/(-8) - -69*(-6)/(-72). Let d(b) = w*s(b) + q(b). Let v(y) = -y - 12. Let h be v(-5). Give d(h).
8
Let v(j) be the second derivative of j**5/20 + 5*j**4/6 - 11*j**3/6 + 11*j**2/2 + 2*j + 82. What is v(-11)?
11
Let g be (48/24)/(2/5). Let k(y) = y**3 - 3*y**2 - 5*y - 2. Give k(g).
23
Let j = 393 - 402. Let a(g) = g**3 + 8*g**2 - 10*g - 1. Give a(j).
8
Let f(b) = 2*b. Let z be (-4)/14 - (-270)/63. Suppose 11 = -z*m + 63. Suppose 1 = -4*o + 3*p, -p = 3*o + 2*o - m. Give f(o).
4
Let g(z) be the second derivative of z**3/6 + 21*z**2/2 - 30*z. Calculate g(-13).
8
Let i(v) = -v + 5. Suppose 0 = -3*w + 2*l + 25, 2*w - 4*w = -4*l - 30. Suppose -3*n - w*a - 3 = -1, 2*n + 4*a + 4 = 0. Give i(n).
-1
Suppose -2*c = 3 - 5. Let u(l) = 22*l**3 + 25*l**2 - 6*l - 4. Let m(a) = -23*a**3 - 30*a**2 + 7*a + 5. Let q(s) = 5*m(s) + 6*u(s). Determine q(c).
17
Let p(w) = 46*w + 47. Let g(b) = 69*b + 75. Let k(z) = 5*g(z) - 8*p(z). What is k(-1)?
22
Let u(m) = 51*m + 13. Let n(c) = 12*c + 3. Let r(p) = -9*n(p) + 2*u(p). Determine r(1).
-7
Let o(y) = -3*y + 5. Let m be ((-39)/12 - -1)/(38/152). Determine o(m).
32
Let y(d) = -4*d + 28. Let t = -68 + 70. Let x(j) = j - 9. Let r(z) = t*y(z) + 7*x(z). Calculate r(-9).
2
Suppose 5*f + 2 = 37. Let r(o) = 6 + 5*o + 4*o - 13*o + f*o. Calculate r(-4).
-6
Let s = 851 + -856. Let n be -1 + -2 + 1 + 6. Let i(g) = -4*g + n + g + 5*g. Calculate i(s).
-6
Let r(n) be the third derivative of -11*n**4/24 + n**3/6 + 19*n**2. Determine r(2).
-21
Let z = -555 + 561. Let m(x) = -x**3 + 6*x**2 - 3*x. Calculate m(z).
-18
Let y(z) be the second derivative of -z**5/20 - z**4/4 - z**3/2 - 3*z**2/2 + 74*z. Suppose -3*l - 1 - 8 = 0. Give y(l).
6
Suppose 3*f = -583 + 595. Let o(r) = -r**2 + r + 11. What is o(f)?
-1
Let j(f) = f - 3. Let z = -106 + 331. Suppose z = -9*w + 4*w. Let l be (-43)/(-9) + (-10)/w. What is j(l)?
2
Let h be (37 - 40)/((-5)/(-10)). Let y(n) = 7*n**3 + 4*n + 4. Let a(w) = -20*w**3 - w**2 - 11*w - 12. Let s(g) = 6*a(g) + 17*y(g). Give s(h).
-16
Let u be 12/(-66) + (53/(-11) - -5). Let t(z) = z**2 + z + 56. Give t(u).
56
Let q(j) = -j**3 - j**2 + j - 31. Suppose -2*x + 2*a = -6, 4*a + 0*a + 12 = 5*x. Give q(x).
-31
Let i(d) = 6*d - 7. Let y = 657 - 655. Give i(y).
5
Let p = -57 + 45. Let x(v) = -v**2 - 13*v. What is x(p)?
12
Let v(u) = u**3 + 2*u**2 - 3*u + 2. Suppose 2*j + 21 = -0*j - 5*w, 5*w = 5*j. Let s be v(j). Let y(f) = f**s - 5*f**2 + 3*f**2. What is y(1)?
-1
Suppose -3*w + q = -13, 3*w + q + 4 = 21. Suppose m - 2 = -2*g, -2*m + 19 = -w*g - 3. Let r(f) = -f**2 + 5*f + 7. Give r(m).
1
Suppose 5 - 1 = 4*j. Let k(x) = -2*x - 2 - j - 5*x. Let g be (-672)/352 + (-1)/11. Determine k(g).
11
Let j(q) = q - 20. Let n = 450 - 439. Give j(n).
-9
Let o(c) = 4*c**2 + 3*c - 2*c**2 - c**2. Let a(n) be the third derivative of -n**3/6 + 52*n**2. Let x(q) = -3*a(q) - o(q). Calculate x(-4).
-1
Let o(w) = 3*w + 24. Let x be o(-7). Suppose -10 = -2*d - x*d. Let v(t) = -3*t**3 + 3*t**2 - 2*t + 1. Give v(d).
-15
Let n(w) be the first derivative of -w**3/3 - 11*w**2/2 - 12*w + 111. Calculate n(-8).
12
Let w be -5 + -2 - -3*1. Let t = -17 + 19. Let u(l) = -1 + 2 + l + t. Calculate u(w).
-1
Let y(a) = -a**3 - 6*a**2 - 5*a + 6. Suppose 4 + 0 = 4*d. Let u be (-1 - 9)/(d - -1). Give y(u).
6
Let r(z) = z - 2. Suppose 0 = 3*x - 15, 9 = -y - y + 5*x. Let j(o) be the second derivative of o**4/12 - o**3 - 9*o**2/2 + 3*o. Let k be j(y). What is r(k)?
5
Let s(h) = h**2 - h. Let m(r) = -4*r**2 + 11*r. Let w(j) = -m(j) - 5*s(j). Suppose 9*u + 30 = 4*u. What is w(u)?
0
Let a(j) = -2*j + 5. Let z be (0 + -2)*-1*2. Let h be a(z)